?
False
Is 47535311 prime?
True
Is 207407111 a prime number?
True
Is 3659651 a prime number?
True
Is 22110947 composite?
False
Is 27543017 a prime number?
True
Is 13580261 a prime number?
True
Is 1405087 prime?
True
Is 3521059 a prime number?
True
Is 24129593 a prime number?
True
Is 36433105 prime?
False
Is 170725207 a prime number?
True
Is 29792311 prime?
True
Is 21462019 prime?
True
Is 5361997 a prime number?
True
Is 6410143 composite?
True
Is 6927 a prime number?
False
Is 14138861 composite?
True
Is 16290629 composite?
True
Is 1787699 a prime number?
True
Is 140597591 prime?
True
Is 6601993 composite?
False
Is 224054107 a composite number?
False
Is 29877205 a prime number?
False
Is 168808333 a composite number?
True
Is 8701001 prime?
True
Is 319986449 prime?
True
Is 587881043 prime?
False
Is 54972878 a composite number?
True
Is 100103 a composite number?
False
Is 1345859 a prime number?
True
Is 561458 a composite number?
True
Is 2888987 a composite number?
True
Is 31696657 prime?
True
Is 2403803 composite?
True
Is 860801 a prime number?
False
Is 4956287 composite?
True
Is 278777449 a prime number?
True
Is 51463 a prime number?
False
Is 1340065 a prime number?
False
Is 9141949 prime?
False
Is 201248677 a prime number?
False
Is 1182914 a composite number?
True
Is 32328619 prime?
False
Is 280199 composite?
False
Is 11105531 a composite number?
False
Is 23260091 a composite number?
False
Is 765749759 a composite number?
True
Is 10283057 a composite number?
False
Is 15405035 prime?
False
Is 21674981 a prime number?
True
Is 211326253 composite?
True
Is 60627598 composite?
True
Is 1854737 a prime number?
False
Is 12605639 prime?
False
Is 20971 composite?
True
Is 4648731 composite?
True
Is 77152873 a prime number?
False
Is 9602363 a prime number?
True
Is 12455323 a composite number?
False
Is 75705587 prime?
True
Is 2824979 a prime number?
False
Is 33380939 prime?
True
Is 440182483 a composite number?
True
Is 11417255 a composite number?
True
Is 12502387 a prime number?
False
Is 12648401 composite?
False
Is 521117 prime?
False
Is 145913 a composite number?
True
Is 3621691 composite?
False
Is 1741301 a prime number?
False
Is 27028231 composite?
False
Is 610063 prime?
True
Is 7092647 a composite number?
False
Is 5618185 a prime number?
False
Is 120192139 a prime number?
False
Is 3021131 composite?
False
Is 39749209 a prime number?
True
Is 3097229 a prime number?
False
Is 2777017 prime?
False
Is 384696353 composite?
False
Is 998513 composite?
False
Is 121458979 prime?
True
Is 11538001 prime?
False
Is 2649355 a prime number?
False
Is 8388379 composite?
True
Is 7291469 a prime number?
True
Is 10685957 a composite number?
False
Is 16836877 composite?
True
Is 279440599 a prime number?
False
Is 2359607 prime?
False
Is 173418523 a composite number?
True
Is 6373 composite?
False
Is 1460281 prime?
True
Is 10668899 a composite number?
True
Is 1732829 prime?
False
Is 2569061 composite?
True
Is 24552431 prime?
False
Is 75891423 a composite number?
True
Is 14125103 a composite number?
False
Is 33069371 a prime number?
True
Is 106783843 a prime number?
True
Is 44820247 composite?
False
Is 9130321 prime?
True
Is 9176681 a composite number?
True
Is 44294617 composite?
False
Is 11406359 prime?
True
Is 27395353 prime?
True
Is 1585439 prime?
False
Is 78987229 composite?
False
Is 61469509 a composite number?
True
Is 13022897 prime?
True
Is 976713143 a prime number?
False
Is 1226497 composite?
True
Is 31517267 a composite number?
False
Is 1857337 prime?
False
Is 51695851 a prime number?
False
Is 5751181 composite?
True
Is 35892533 composite?
False
Is 32873899 prime?
True
Is 3746026 a prime number?
False
Is 41513951 a prime number?
True
Is 32083 a prime number?
True
Is 30879397 composite?
True
Is 749477 composite?
True
Is 5691359 prime?
True
Is 225567653 a composite number?
False
Is 1704119 prime?
True
Is 17229063 prime?
False
Is 17830837 prime?
False
Is 316913 composite?
True
Is 6550457 a prime number?
False
Is 41073563 a composite number?
False
Is 593421 prime?
False
Is 11352809 prime?
False
Is 188668979 a composite number?
False
Is 4359101 a composite number?
False
Is 121951097 a prime number?
False
Is 98062 a composite number?
True
Is 38112387 a composite number?
True
Is 167693939 prime?
False
Is 625003 prime?
False
Is 5154481 a prime number?
False
Is 2441479 a prime number?
False
Is 20459707 a prime number?
True
Is 32177933 composite?
False
Is 5499749 prime?
True
Is 39141371 a prime number?
True
Is 368671 composite?
True
Is 96340877 composite?
True
Is 11988197 a composite number?
True
Is 239353 prime?
False
Is 39568723 prime?
False
Is 63191879 a composite number?
True
Is 147762299 composite?
False
Is 25038437 composite?
True
Is 61771847 composite?
False
Is 3162517 composite?
False
Is 51835643 a prime number?
False
Is 4994663 a prime number?
False
Is 304110833 composite?
True
Is 66380033 prime?
False
Is 67339 composite?
False
Is 5271671 a prime number?
False
Is 12517133 prime?
True
Is 82681289 a prime number?
True
Is 27022943 prime?
False
Is 29978629 a prime number?
False
Is 426598699 prime?
True
Is 4040419 prime?
True
Is 550831 composite?
False
Is 685898 a composite number?
True
Is 9255383 a composite number?
False
Is 66440071 a composite number?
False
Is 148772363 prime?
True
Is 28611053 a prime number?
False
Is 2498521 a composite number?
False
Is 11783969 prime?
True
Is 46503931 prime?
False
Is 18903103 prime?
True
Is 68135149 a composite number?
False
Is 681143 a composite number?
True
Is 8320211 a composite number?
False
Is 377974865 prime?
False
Is 22006057 a prime number?
True
Is 43599481 prime?
False
Is 4657957 composite?
False
Is 7542593 a composite number?
False
Is 398887 prime?
True
Is 3190073 prime?
False
Is 570858221 a composite number?
True
Is 12531437 composite?
False
Is 324902 a composite number?
True
Is 38933045 composite?
True
Is 59593819 prime?
True
Is 124648253 prime?
True
Is 1780391 a composite number?
True
Is 191554031 composite?
True
Is 10501082 a composite number?
True
Is 52829077 composite?
True
Is 553037 a prime number?
True
Is 7784359 a composite number?
True
Is 1510403 prime?
False
Is 39121423 composite?
True
Is 20899787 prime?
False
Is 2329499 a composite number?
False
Is 9518053 composite?
False
Is 51713 prime?
True
Is 46776679 a composite number?
True
Is 9087427 prime?
True
Is 8037973 prime?
True
Is 1641221 composite?
True
Is 461507 prime?
True
Is 745961 prime?
False
Is 3600361 composite?
False
Is 10373257 a composite number?
True
Is 171240583 a composite number?
False
Is 90354733 a composite number?
True
Is 354581 composite?
False
Is 12218599 composite?
True
Is 7952359 a prime number?
False
Is 275417699 composite?
True
Is 85954177 a composite number?
False
Is 16311461 a composite number?
True
Is 417461 a prime number?
False
Is 1414843 prime?
False
Is 5485862 a composite number?
True
Is 874501 prime?
False
Is 735899 a prime number?
False
Is 59242277 composite?
False
Is 21043811 composite?
True
Is 5268167 composite?
True
Is 18579259 composite?
False
Is 38495887 a prime number?
True
Is 5805455 composite?
True
Is 16426703 a prime number?
False
Is 2111342 prime?
False
Is 2364491 a composite number?
False
Is 8719441 prime?
True
Is 6196643 a prime number?
True
Is 3954317 prime?
True
Is 117638407 a prime number?
True
Is 18613333 a prime number?
False
Is 60752801 prime?
False
Is 21780601 prime?
False
Is 4294313 a composite number?
False
Is 282868541 composite?
False
Is 117621979 composite?
False
Is 106711217 a prime number?
True
Is 161033 a composite number?
False
Is 83414909 a prime number?
False
Is 4959913 a prime number?
False
Is 28644227 prime?
True
Is 9779827 a composite number?
True
Is 8095531 a composite number?
False
Is 17100367 a composite number?
True
Is 48509393 a composite number?
False
Is 24003277 a composite number?
False
Is 41376787 prime?
True
Is 1641499 a composite number?
True
Is 58644637 a composite number?
True
Is 360522951 composite?
True
Is 10524049 a prime number?
True
Is 3719453 composite?
True
Is 12068863 prime?
False
Is 182355769 composite?
False
Is 558007 composite?
False
Is 28050413 composite?
False
Is 2347129 composite?
False
Is 30113663 composite?
False
Is 8074277 composite?
False
Is 9697691 a prime number?
Tru